{"id":1064,"date":"2025-07-29T18:01:08","date_gmt":"2025-07-29T23:01:08","guid":{"rendered":"https:\/\/marketingads.com.co\/ups\/?post_type=product&#038;p=1064"},"modified":"2026-01-14T22:22:35","modified_gmt":"2026-01-14T22:22:35","slug":"ups-cdp-1200va-720w-interactiva-r-smart-1210","status":"publish","type":"product","link":"https:\/\/marketingads.co\/ups\/producto\/ups-cdp-1200va-720w-interactiva-r-smart-1210\/","title":{"rendered":"UPS CDP 1200VA-720W INTERACTIVA R-SMART 1210"},"content":{"rendered":"<p>Adem\u00e1s, su interfaz web permite monitoreo remoto y local para un control total. Las alarmas audibles te mantienen informado sobre su funcionamiento y bater\u00eda. Certificado por NOM, ISO9001-2015, ISO14001 y RETIE, ofrecemos la tranquilidad de un producto confiable y seguro para tu respaldo de energ\u00eda.<\/p>\n<h4>Aplicaciones en Diversos Sectores, Esta potente soluci\u00f3n encuentra su lugar en diversas industrias y negocios, como:<\/h4>\n<ul>\n<li>\ud83d\udcde <strong>Call Centers:<\/strong> Mant\u00e9n las comunicaciones ininterrumpidas y los datos protegidos durante cortes de energ\u00eda.<\/li>\n<li>\ud83d\udda5\ufe0f <strong>Servidores:<\/strong> Protege tus servidores y equipos de red para evitar p\u00e9rdidas de datos y tiempos de inactividad.<\/li>\n<li>\ud83c\udfe5 <strong>Sector M\u00e9dico:<\/strong> Asegura el funcionamiento continuo de equipos m\u00e9dicos y odontol\u00f3gicos cr\u00edticos para la atenci\u00f3n de pacientes.<\/li>\n<li>\ud83c\udfed <strong>Industria:<\/strong> Protege tus equipos industriales sensibles y evita da\u00f1os costosos debido a interrupciones de energ\u00eda.<\/li>\n<li>\ud83d\udc65 <strong>Empresas Medianas y Peque\u00f1as:<\/strong> Brinda tranquilidad a tu negocio sin importar su tama\u00f1o, asegurando la continuidad de operaciones esenciales.<\/li>\n<\/ul>\n<h4><strong>Recuerda que tambi\u00e9n contamos con el servicio de venta de equipos a nivel nacional:<\/strong><\/h4>\n<p>Venta <a href=\"https:\/\/upscomunicaciones.com\/categoria-producto\/ups-online\/\">UPS<\/a> tipo torre, venta UPS interactiva, venta de UPS tipo rack, venta UPS Smart APC, venta UPS modular, venta UPS escalable, venta UPS online, UPS paralelo, UPS hibrida, UPS solar, Inversor Solar, UPS en serie, UPS contingencia, bater\u00edas secas, tarjetas de control SNMP, inversores y <a href=\"https:\/\/es.wikipedia.org\/wiki\/Panel_solar\">paneles solares<\/a>.<\/p>\n","protected":false},"excerpt":{"rendered":"<p>UPS CDP 1200VA-720W INTERACTIVA R-SMART 1210 con 10 tomas NEMA 5-15, este sistema garantiza un respaldo confiable. Sus bater\u00edas selladas de plomo-\u00e1cido, regulador de voltaje y supresor de sobretensi\u00f3n mantienen la energ\u00eda constante para tus dispositivos esenciales: enrutadores WiFi, sistemas de alarma y equipos inform\u00e1ticos. Los modelos de mayor capacidad en torre incluyen una pantalla LCD avanzada, ofreciendo una visi\u00f3n interactiva con detalles como niveles de bater\u00eda, % de carga y voltajes.<\/p>\n","protected":false},"featured_media":1076,"template":"","meta":[],"product_brand":[133],"product_cat":[143,120],"product_tag":[134],"class_list":{"0":"post-1064","1":"product","2":"type-product","3":"status-publish","4":"has-post-thumbnail","6":"product_brand-cdp","7":"product_cat-ups-cdp-500va-2000va-interactiva","8":"product_cat-ups-interactiva","9":"product_tag-cdp","11":"first","12":"instock","13":"shipping-taxable","14":"product-type-simple"},"aioseo_notices":[],"_links":{"self":[{"href":"https:\/\/marketingads.co\/ups\/wp-json\/wp\/v2\/product\/1064","targetHints":{"allow":["GET"]}}],"collection":[{"href":"https:\/\/marketingads.co\/ups\/wp-json\/wp\/v2\/product"}],"about":[{"href":"https:\/\/marketingads.co\/ups\/wp-json\/wp\/v2\/types\/product"}],"wp:featuredmedia":[{"embeddable":true,"href":"https:\/\/marketingads.co\/ups\/wp-json\/wp\/v2\/media\/1076"}],"wp:attachment":[{"href":"https:\/\/marketingads.co\/ups\/wp-json\/wp\/v2\/media?parent=1064"}],"wp:term":[{"taxonomy":"product_brand","embeddable":true,"href":"https:\/\/marketingads.co\/ups\/wp-json\/wp\/v2\/product_brand?post=1064"},{"taxonomy":"product_cat","embeddable":true,"href":"https:\/\/marketingads.co\/ups\/wp-json\/wp\/v2\/product_cat?post=1064"},{"taxonomy":"product_tag","embeddable":true,"href":"https:\/\/marketingads.co\/ups\/wp-json\/wp\/v2\/product_tag?post=1064"}],"curies":[{"name":"wp","href":"https:\/\/api.w.org\/{rel}","templated":true}]}}