{"id":1109,"date":"2025-07-29T18:45:25","date_gmt":"2025-07-29T23:45:25","guid":{"rendered":"https:\/\/marketingads.com.co\/ups\/?post_type=product&#038;p=1109"},"modified":"2025-07-29T18:47:41","modified_gmt":"2025-07-29T23:47:41","slug":"bateria-cdp-12v-18ah-slb-216-watt-hour-2","status":"publish","type":"product","link":"https:\/\/marketingads.co\/ups\/producto\/bateria-cdp-12v-18ah-slb-216-watt-hour-2\/","title":{"rendered":"BATER\u00cdA CDP 12V-18AH SLB (216-Watt Hour)"},"content":{"rendered":"<p>La BATER\u00cdA CDP 12V-18AH SLB (216-Watt Hour) esta dise\u00f1ada para una fuerte capacidad de descarga con 5 a\u00f1os de vida en servicio flotante, usando rejillas fuertes y un material de dise\u00f1o espcializado ofrece un rendimiento estable durante la descarga.<\/p>\n<p>&nbsp;<\/p>\n<p>&nbsp;<\/p>\n<h2>Caracter\u00edsticas f\u00edsicas y de funcionamiento de la BATER\u00cdA CDP 12V-18AH SLB (216-Watt Hour):<\/h2>\n<ol>\n<li>Corriente maxima de descarga recomendable 5.4A.<\/li>\n<li>Corriente maxima de descarga 180 A(5 seg).<\/li>\n<li>Cuenta con terminal F3\/F13.<\/li>\n<li>Ofrecen 30% de vida que las de serie tradicionales.<\/li>\n<li>adecuadas para UPS y donde las cargas de alta corriente son requeridas.<\/li>\n<li>Rango normal de temperatura de operacion 25\u00b0C +\/- 5\u00b0C.<\/li>\n<li>Material del envase ABS UL94-HB.<\/li>\n<li>Autodescagra menor al 3% en estado de espera mensual.<\/li>\n<\/ol>\n<p>&nbsp;<\/p>\n<p>&nbsp;<\/p>\n<h2>Aplicaciones en Diversos Sectores, Esta potente soluci\u00f3n encuentra su lugar en diversas industrias y negocios, como:<\/h2>\n<ul>\n<li>\ud83d\udcde <strong>Call Centers:<\/strong> Mant\u00e9n las comunicaciones ininterrumpidas y los datos protegidos durante cortes de energ\u00eda.<\/li>\n<li>\ud83d\udda5\ufe0f <strong>Servidores:<\/strong> Protege tus servidores y equipos de red para evitar p\u00e9rdidas de datos y tiempos de inactividad.<\/li>\n<li>\ud83c\udfe5 <strong>Sector M\u00e9dico:<\/strong> Asegura el funcionamiento continuo de equipos m\u00e9dicos y odontol\u00f3gicos cr\u00edticos para la atenci\u00f3n de pacientes.<\/li>\n<li>\ud83c\udfed <strong>Industria:<\/strong> Protege tus equipos industriales sensibles y evita da\u00f1os costosos debido a interrupciones de energ\u00eda.<\/li>\n<li>\ud83d\udc65 <strong>Empresas Medianas y Peque\u00f1as:<\/strong> Brinda tranquilidad a tu negocio sin importar su tama\u00f1o, asegurando la continuidad de operaciones esenciales.<\/li>\n<\/ul>\n<p>&nbsp;<\/p>\n<h3><strong>Recuerda que tambi\u00e9n contamos con el servicio de venta de equipos a nivel nacional:<\/strong><\/h3>\n<p>Venta <a href=\"https:\/\/upscomunicaciones.com\/categoria-producto\/ups-interactiva\/?swcfpc=1\">UPS<\/a> tipo torre, venta UPS interactiva, venta de UPS tipo rack, venta UPS Smart APC, venta UPS modular, venta UPS escalable, venta UPS online, UPS paralelo, UPS hibrida, UPS solar, Inversor Solar, UPS en serie, UPS contingencia, bater\u00edas secas, tarjetas de control <a href=\"https:\/\/es.wikipedia.org\/wiki\/Protocolo_simple_de_administraci%C3%B3n_de_red\">SNMP<\/a>, inversores y paneles solares.<\/p>\n","protected":false},"excerpt":{"rendered":"<p>Gracias a sus rejillas robustas y material especializado, proporciona un rendimiento estable durante la descarga. Con una corriente m\u00e1xima de descarga recomendada de 5.4A y una corriente m\u00e1xima de descarga de 180 A (5 seg), junto con terminales F3\/F13, esta bater\u00eda garantiza un funcionamiento confiable.<\/p>\n","protected":false},"featured_media":1117,"template":"","meta":[],"product_brand":[133],"product_cat":[147,122],"product_tag":[134],"class_list":{"0":"post-1109","1":"product","2":"type-product","3":"status-publish","4":"has-post-thumbnail","6":"product_brand-cdp","7":"product_cat-baterias-cdp","8":"product_cat-baterias-secas","9":"product_tag-cdp","11":"first","12":"instock","13":"shipping-taxable","14":"product-type-simple"},"aioseo_notices":[],"_links":{"self":[{"href":"https:\/\/marketingads.co\/ups\/wp-json\/wp\/v2\/product\/1109","targetHints":{"allow":["GET"]}}],"collection":[{"href":"https:\/\/marketingads.co\/ups\/wp-json\/wp\/v2\/product"}],"about":[{"href":"https:\/\/marketingads.co\/ups\/wp-json\/wp\/v2\/types\/product"}],"wp:featuredmedia":[{"embeddable":true,"href":"https:\/\/marketingads.co\/ups\/wp-json\/wp\/v2\/media\/1117"}],"wp:attachment":[{"href":"https:\/\/marketingads.co\/ups\/wp-json\/wp\/v2\/media?parent=1109"}],"wp:term":[{"taxonomy":"product_brand","embeddable":true,"href":"https:\/\/marketingads.co\/ups\/wp-json\/wp\/v2\/product_brand?post=1109"},{"taxonomy":"product_cat","embeddable":true,"href":"https:\/\/marketingads.co\/ups\/wp-json\/wp\/v2\/product_cat?post=1109"},{"taxonomy":"product_tag","embeddable":true,"href":"https:\/\/marketingads.co\/ups\/wp-json\/wp\/v2\/product_tag?post=1109"}],"curies":[{"name":"wp","href":"https:\/\/api.w.org\/{rel}","templated":true}]}}