{"id":1131,"date":"2025-07-29T18:55:37","date_gmt":"2025-07-29T23:55:37","guid":{"rendered":"https:\/\/marketingads.com.co\/ups\/?post_type=product&#038;p=1131"},"modified":"2025-07-29T18:57:34","modified_gmt":"2025-07-29T23:57:34","slug":"baterias-vme-12v-40ah-fl12400","status":"publish","type":"product","link":"https:\/\/marketingads.co\/ups\/producto\/baterias-vme-12v-40ah-fl12400\/","title":{"rendered":"BATER\u00cdAS VME 12V-40AH FL12400"},"content":{"rendered":"<p>Las\u00a0BATER\u00cdAS VME FL12V-40AH sobresalen gracias a su conjunto de atributos excepcionales. Selladas y libres de mantenimiento, simplifican su implementaci\u00f3n en una amplia gama de usos. Su resistente dise\u00f1o contra la corrosi\u00f3n extiende su durabilidad, mientras que la opci\u00f3n de cubierta ABS, clasificada como UL94HB o UL94V-0, ofrece una capa adicional de seguridad en situaciones cr\u00edticas. Estas bater\u00edas est\u00e1n equipadas con v\u00e1lvulas de seguridad que resisten explosiones, asegurando su fiabilidad en condiciones extremas.<\/p>\n<p>&nbsp;<\/p>\n<h3>Aplicaciones en Diversos Sectores, Esta potente soluci\u00f3n encuentra su lugar en diversas industrias y negocios, como:<\/h3>\n<ul>\n<li>\ud83d\udcde <strong>Call Centers:<\/strong> Mant\u00e9n las comunicaciones ininterrumpidas y los datos protegidos durante cortes de energ\u00eda.<\/li>\n<li>\ud83d\udda5\ufe0f <strong>Servidores:<\/strong> Protege tus servidores y equipos de red para evitar p\u00e9rdidas de datos y tiempos de inactividad.<\/li>\n<li>\ud83c\udfe5 <strong>Sector M\u00e9dico:<\/strong> Asegura el funcionamiento continuo de equipos m\u00e9dicos y odontol\u00f3gicos cr\u00edticos para la atenci\u00f3n de pacientes.<\/li>\n<li>\ud83c\udfed <strong>Industria:<\/strong> Protege tus equipos industriales sensibles y evita da\u00f1os costosos debido a interrupciones de energ\u00eda.<\/li>\n<li>\ud83d\udc65 <strong>Empresas Medianas y Peque\u00f1as:<\/strong> Brinda tranquilidad a tu negocio sin importar su tama\u00f1o, asegurando la continuidad de operaciones esenciales.<\/li>\n<\/ul>\n<h4><\/h4>\n<h4><strong>Recuerda que tambi\u00e9n contamos con el servicio de venta de equipos a nivel nacional:<\/strong><\/h4>\n<p>Venta <a href=\"https:\/\/upscomunicaciones.com\/categoria-producto\/ups-online\/?swcfpc=1\">UPS<\/a> tipo torre, venta UPS interactiva, venta de UPS tipo rack, venta UPS Smart APC, venta UPS modular, venta UPS escalable, venta UPS online, UPS paralelo, UPS hibrida, UPS solar, Inversor Solar, UPS en serie, UPS contingencia, bater\u00edas secas, tarjetas de control SNMP, inversores y <a href=\"https:\/\/es.wikipedia.org\/wiki\/Panel_solar\">paneles solares<\/a>.<\/p>\n","protected":false},"excerpt":{"rendered":"<h2>BATER\u00cdAS VME FL12V-40AH<\/h2>\n<p>Estas bater\u00edas son vers\u00e1tiles y encuentran aplicaci\u00f3n en varios sectores, desde call centers que requieren comunicaciones ininterrumpidas hasta servidores que deben protegerse contra p\u00e9rdidas de datos. En el sector m\u00e9dico, garantizan el funcionamiento continuo de equipos cr\u00edticos para la atenci\u00f3n de pacientes, y en la industria, protegen equipos sensibles y evitan costosos da\u00f1os debidos a interrupciones de energ\u00eda. Adem\u00e1s, ofrecen tranquilidad a empresas de diferentes tama\u00f1os, asegurando la continuidad de operaciones esenciales sin importar su escala.<\/p>\n","protected":false},"featured_media":1151,"template":"","meta":[],"product_brand":[131],"product_cat":[122,146],"product_tag":[137],"class_list":{"0":"post-1131","1":"product","2":"type-product","3":"status-publish","4":"has-post-thumbnail","6":"product_brand-vme","7":"product_cat-baterias-secas","8":"product_cat-baterias-vme","9":"product_tag-vertiv","11":"first","12":"instock","13":"shipping-taxable","14":"product-type-simple"},"aioseo_notices":[],"_links":{"self":[{"href":"https:\/\/marketingads.co\/ups\/wp-json\/wp\/v2\/product\/1131","targetHints":{"allow":["GET"]}}],"collection":[{"href":"https:\/\/marketingads.co\/ups\/wp-json\/wp\/v2\/product"}],"about":[{"href":"https:\/\/marketingads.co\/ups\/wp-json\/wp\/v2\/types\/product"}],"wp:featuredmedia":[{"embeddable":true,"href":"https:\/\/marketingads.co\/ups\/wp-json\/wp\/v2\/media\/1151"}],"wp:attachment":[{"href":"https:\/\/marketingads.co\/ups\/wp-json\/wp\/v2\/media?parent=1131"}],"wp:term":[{"taxonomy":"product_brand","embeddable":true,"href":"https:\/\/marketingads.co\/ups\/wp-json\/wp\/v2\/product_brand?post=1131"},{"taxonomy":"product_cat","embeddable":true,"href":"https:\/\/marketingads.co\/ups\/wp-json\/wp\/v2\/product_cat?post=1131"},{"taxonomy":"product_tag","embeddable":true,"href":"https:\/\/marketingads.co\/ups\/wp-json\/wp\/v2\/product_tag?post=1131"}],"curies":[{"name":"wp","href":"https:\/\/api.w.org\/{rel}","templated":true}]}}