{"id":1314,"date":"2025-07-29T19:50:05","date_gmt":"2025-07-30T00:50:05","guid":{"rendered":"https:\/\/marketingads.com.co\/ups\/?post_type=product&#038;p=1314"},"modified":"2025-07-29T19:59:12","modified_gmt":"2025-07-30T00:59:12","slug":"bateria-kaise-12v-20ah-electric-vehicle","status":"publish","type":"product","link":"https:\/\/marketingads.co\/ups\/producto\/bateria-kaise-12v-20ah-electric-vehicle\/","title":{"rendered":"BATER\u00cdA KAISE 12V 20AH ELECTRIC VEHICLE"},"content":{"rendered":"<p id=\"tw-target-text\" class=\"tw-data-text tw-text-large tw-ta\" dir=\"ltr\" data-placeholder=\"Traducci\u00f3n\"><span class=\"Y2IQFc\" lang=\"es\">Las BATER\u00cdA KAISE 12V 20AH ELECTRIC VEHICLE fueron desarrolladas en base a una red especializada as\u00ed como a sistemas activos. material. Estas bater\u00edas cuentan con placas ancladas y una carcasa de polipropileno reforzado de alto impacto que puede soportar los ambientes y vibraciones m\u00e1s extremas. El KB EV La serie est\u00e1 constituida por bater\u00edas de varios tama\u00f1os diferentes para que puedan usarse para muchas aplicaciones diferentes. La serie KB EV utiliza tecnolog\u00eda de celda seca que permite una rendimiento superior y una calidad y confiabilidad incomparables. Mediante el uso de la Tecnolog\u00eda de celda seca, esta serie fue dise\u00f1ada para entornos sensibles que requieren ciclos de vida mejorados para aplicaciones comerciales, industriales, residenciales y privadas. Sin cualquier necesidad de mantenimiento y con una construcci\u00f3n avanzada la serie EV es una excelente opci\u00f3n para muchas aplicaciones.<\/span><\/p>\n<p dir=\"ltr\" data-placeholder=\"Traducci\u00f3n\">\n<h2>APLICACIONES EN DIVERSOS SECTORES, ESTA POTENTE SOLUCI\u00d3N ENCUENTRA SU LUGAR EN DIVERSAS INDUSTRIAS Y NEGOCIOS, COMO:<\/h2>\n<ul>\n<li><img decoding=\"async\" class=\"emoji\" role=\"img\" draggable=\"false\" src=\"https:\/\/s.w.org\/images\/core\/emoji\/14.0.0\/svg\/1f4de.svg\" alt=\"\ud83d\udcde\" \/>\u00a0<strong>Call Centers:<\/strong>\u00a0Mant\u00e9n las comunicaciones ininterrumpidas y los datos protegidos durante cortes de energ\u00eda.<\/li>\n<li><img decoding=\"async\" class=\"emoji\" role=\"img\" draggable=\"false\" src=\"https:\/\/s.w.org\/images\/core\/emoji\/14.0.0\/svg\/1f5a5.svg\" alt=\"\ud83d\udda5\ufe0f\" \/>\u00a0<strong>Servidores:<\/strong>\u00a0Protege tus servidores y equipos de red para evitar p\u00e9rdidas de datos y tiempos de inactividad.<\/li>\n<li><img decoding=\"async\" class=\"emoji\" role=\"img\" draggable=\"false\" src=\"https:\/\/s.w.org\/images\/core\/emoji\/14.0.0\/svg\/1f3e5.svg\" alt=\"\ud83c\udfe5\" \/>\u00a0<strong>Sector M\u00e9dico:<\/strong>\u00a0Asegura el funcionamiento continuo de equipos m\u00e9dicos y odontol\u00f3gicos cr\u00edticos para la atenci\u00f3n de pacientes.<\/li>\n<li><img decoding=\"async\" class=\"emoji\" role=\"img\" draggable=\"false\" src=\"https:\/\/s.w.org\/images\/core\/emoji\/14.0.0\/svg\/1f3ed.svg\" alt=\"\ud83c\udfed\" \/>\u00a0<strong>Industria:<\/strong>\u00a0Protege tus equipos industriales sensibles y evita da\u00f1os costosos debido a interrupciones de energ\u00eda.<\/li>\n<li><img decoding=\"async\" class=\"emoji\" role=\"img\" draggable=\"false\" src=\"https:\/\/s.w.org\/images\/core\/emoji\/14.0.0\/svg\/1f465.svg\" alt=\"\ud83d\udc65\" \/>\u00a0<strong>Empresas Medianas y Peque\u00f1as:<\/strong>\u00a0Brinda tranquilidad a tu negocio sin importar su tama\u00f1o, asegurando la continuidad de operaciones esenciales.<\/li>\n<\/ul>\n<p>&nbsp;<\/p>\n<h3><strong>RECUERDA QUE TAMBI\u00c9N CONTAMOS CON EL SERVICIO DE VENTA DE EQUIPOS A NIVEL NACIONAL:<\/strong><\/h3>\n<p>Venta\u00a0<a href=\"https:\/\/upscomunicaciones.com\/categoria-producto\/ups-online\/ups-vme-ups-online\/?swcfpc=1\">UPS<\/a>\u00a0tipo torre, venta UPS interactiva, venta de UPS tipo rack, venta UPS Smart APC, venta UPS modular, venta UPS escalable, venta UPS online, UPS paralelo, UPS hibrida, UPS solar, Inversor Solar, UPS en serie, UPS contingencia, bater\u00edas secas, tarjetas de control\u00a0<a href=\"https:\/\/es.wikipedia.org\/wiki\/Protocolo_simple_de_administraci%C3%B3n_de_red\">SNMP<\/a>, inversores y \u00a0paneles solares.<\/p>\n","protected":false},"excerpt":{"rendered":"<h2>BATER\u00cdA KAISE 12V 20AH ELECTRIC VEHICLE<\/h2>\n<p>Las bater\u00edas Kaise Electric Vehicle se han desarrollado con una rejilla y un material activo espec\u00edficos. Estas bater\u00edas contienen placas y una caja en polipropileno que resiste fuertes impactos. Adem\u00e1s, han sido especialmente dise\u00f1adas para soportar vibraciones y ambientes extremos. La serie KB EV consta de bater\u00edas de diferentes dimensiones para cubrir diversas aplicaciones. La serie KB EV ofrece un rendimiento superior, una calidad y fiabilidad sin igual. Esta serie se desarroll\u00f3 para funcionar en un ambiente sensible que exige ciclos de vida mejorados. Son perfectas para aplicaciones comerciales, industriales, residenciales y privadas. Sin necesidad de mantenimiento y con una construcci\u00f3n avanzada, la serie EV es una excelente opci\u00f3n.<\/p>\n","protected":false},"featured_media":1342,"template":"","meta":[],"product_brand":[177],"product_cat":[151,122],"product_tag":[178],"class_list":{"0":"post-1314","1":"product","2":"type-product","3":"status-publish","4":"has-post-thumbnail","6":"product_brand-kaise","7":"product_cat-baterias-kaise","8":"product_cat-baterias-secas","9":"product_tag-kaise","11":"first","12":"instock","13":"shipping-taxable","14":"product-type-simple"},"aioseo_notices":[],"_links":{"self":[{"href":"https:\/\/marketingads.co\/ups\/wp-json\/wp\/v2\/product\/1314","targetHints":{"allow":["GET"]}}],"collection":[{"href":"https:\/\/marketingads.co\/ups\/wp-json\/wp\/v2\/product"}],"about":[{"href":"https:\/\/marketingads.co\/ups\/wp-json\/wp\/v2\/types\/product"}],"wp:featuredmedia":[{"embeddable":true,"href":"https:\/\/marketingads.co\/ups\/wp-json\/wp\/v2\/media\/1342"}],"wp:attachment":[{"href":"https:\/\/marketingads.co\/ups\/wp-json\/wp\/v2\/media?parent=1314"}],"wp:term":[{"taxonomy":"product_brand","embeddable":true,"href":"https:\/\/marketingads.co\/ups\/wp-json\/wp\/v2\/product_brand?post=1314"},{"taxonomy":"product_cat","embeddable":true,"href":"https:\/\/marketingads.co\/ups\/wp-json\/wp\/v2\/product_cat?post=1314"},{"taxonomy":"product_tag","embeddable":true,"href":"https:\/\/marketingads.co\/ups\/wp-json\/wp\/v2\/product_tag?post=1314"}],"curies":[{"name":"wp","href":"https:\/\/api.w.org\/{rel}","templated":true}]}}