{"id":1457,"date":"2025-07-29T22:10:57","date_gmt":"2025-07-30T03:10:57","guid":{"rendered":"https:\/\/marketingads.com.co\/ups\/?post_type=product&#038;p=1457"},"modified":"2026-01-15T17:07:05","modified_gmt":"2026-01-15T17:07:05","slug":"regulador-cdp-5000va-3600w-r-avr-5008","status":"publish","type":"product","link":"https:\/\/marketingads.co\/ups\/producto\/regulador-cdp-5000va-3600w-r-avr-5008\/","title":{"rendered":"Regulador CDP 5000VA-3600W R-AVR 5008"},"content":{"rendered":"<p>El Regulador CDP 5000VA-3600W R-AVR 5008 cuenta con Voltaje autom\u00e1tico de 5000VA regular con potente supresor de sobre tensi\u00f3n incorporado y 8 toma corrientes NEMA 5-15 con 4 regulados y 4 solo con sobre tensi\u00f3n. Protecci\u00f3n de interruptor de encendido \/ apagado y carcasa de pl\u00e1stico anti-flama compatible con UL para su seguridad.<\/p>\n<h4>Caracteristicas mas relevantes del Regulador CDP 5000VA-3600W R-AVR 5008:<\/h4>\n<ol>\n<li>Boton principal de encendido.<\/li>\n<li>Led 1 Arriba \u2013 Reduccion.<\/li>\n<li>Led 2 Central \u2013 Encendido.<\/li>\n<li>Led 3 Abajo \u2013 Incremento.<\/li>\n<li>Led 4 Abajo \u2013 Super incremento.<\/li>\n<li>Proteccion coaxial.<\/li>\n<li>Breaker.<\/li>\n<li>Ocho salidas NEMA 5-15R y una salida NEMA 5-20R.<\/li>\n<li>Dispositivo de retardo (3 seg, 1 min, 3 min).<\/li>\n<\/ol>\n<h4>Aplicaciones en Diversos Sectores, Esta potente soluci\u00f3n encuentra su lugar en diversas industrias y negocios, como:<\/h4>\n<ul>\n<li>\ud83d\udcde <strong>Call Centers:<\/strong> Mant\u00e9n las comunicaciones ininterrumpidas y los datos protegidos durante cortes de energ\u00eda.<\/li>\n<li>\ud83d\udda5\ufe0f <strong>Servidores:<\/strong> Protege tus servidores y equipos de red para evitar p\u00e9rdidas de datos y tiempos de inactividad.<\/li>\n<li>\ud83c\udfe5 <strong>Sector M\u00e9dico:<\/strong> Asegura el funcionamiento continuo de equipos m\u00e9dicos y odontol\u00f3gicos cr\u00edticos para la atenci\u00f3n de pacientes.<\/li>\n<li>\ud83c\udfed <strong>Industria:<\/strong> Protege tus equipos industriales sensibles y evita da\u00f1os costosos debido a interrupciones de energ\u00eda.<\/li>\n<li>\ud83d\udc65 <strong>Empresas Medianas y Peque\u00f1as:<\/strong> Brinda tranquilidad a tu negocio sin importar su tama\u00f1o, asegurando la continuidad de operaciones esenciales.<\/li>\n<\/ul>\n<h4><strong>Recuerda que tambi\u00e9n contamos con el servicio de venta de equipos a nivel nacional:<\/strong><\/h4>\n<p>Venta <a href=\"https:\/\/upscomunicaciones.com\/categoria-producto\/ups-online\/\">UPS<\/a> tipo torre, venta UPS interactiva, venta de UPS tipo rack, venta UPS Smart APC, venta UPS modular, venta UPS escalable, venta UPS online, UPS paralelo, UPS hibrida, UPS solar, Inversor Solar, UPS en serie, UPS contingencia, bater\u00edas secas, tarjetas de control SNMP, inversores y <a href=\"https:\/\/es.wikipedia.org\/wiki\/Panel_solar\">paneles solares<\/a>.<\/p>\n","protected":false},"excerpt":{"rendered":"<p>Desde el bot\u00f3n principal de encendido hasta los LEDs indicadores que facilitan la monitorizaci\u00f3n, cada detalle est\u00e1 dise\u00f1ado para tu conveniencia. Con protecci\u00f3n coaxial, breaker, y 8 salidas NEMA 5-15R m\u00e1s 1 salida NEMA 5-20R, este regulador ofrece versatilidad y seguridad.<\/p>\n","protected":false},"featured_media":1467,"template":"","meta":[],"product_brand":[133],"product_cat":[125,196],"product_tag":[134],"class_list":{"0":"post-1457","1":"product","2":"type-product","3":"status-publish","4":"has-post-thumbnail","6":"product_brand-cdp","7":"product_cat-regulador-de-voltaje","8":"product_cat-reguladores-cdp","9":"product_tag-cdp","11":"first","12":"instock","13":"shipping-taxable","14":"product-type-simple"},"aioseo_notices":[],"_links":{"self":[{"href":"https:\/\/marketingads.co\/ups\/wp-json\/wp\/v2\/product\/1457","targetHints":{"allow":["GET"]}}],"collection":[{"href":"https:\/\/marketingads.co\/ups\/wp-json\/wp\/v2\/product"}],"about":[{"href":"https:\/\/marketingads.co\/ups\/wp-json\/wp\/v2\/types\/product"}],"wp:featuredmedia":[{"embeddable":true,"href":"https:\/\/marketingads.co\/ups\/wp-json\/wp\/v2\/media\/1467"}],"wp:attachment":[{"href":"https:\/\/marketingads.co\/ups\/wp-json\/wp\/v2\/media?parent=1457"}],"wp:term":[{"taxonomy":"product_brand","embeddable":true,"href":"https:\/\/marketingads.co\/ups\/wp-json\/wp\/v2\/product_brand?post=1457"},{"taxonomy":"product_cat","embeddable":true,"href":"https:\/\/marketingads.co\/ups\/wp-json\/wp\/v2\/product_cat?post=1457"},{"taxonomy":"product_tag","embeddable":true,"href":"https:\/\/marketingads.co\/ups\/wp-json\/wp\/v2\/product_tag?post=1457"}],"curies":[{"name":"wp","href":"https:\/\/api.w.org\/{rel}","templated":true}]}}