{"id":1486,"date":"2025-07-30T11:21:41","date_gmt":"2025-07-30T16:21:41","guid":{"rendered":"https:\/\/marketingads.com.co\/ups\/?post_type=product&#038;p=1486"},"modified":"2026-01-16T16:50:02","modified_gmt":"2026-01-16T21:50:02","slug":"paneles-fotovoltaicos-monocristalinos","status":"publish","type":"product","link":"https:\/\/marketingads.co\/ups\/producto\/paneles-fotovoltaicos-monocristalinos\/","title":{"rendered":"Paneles Fotovoltaicos monocristalinos"},"content":{"rendered":"<p>Los Paneles Fotovoltaicos monocristalinos son una tecnolog\u00eda de c\u00e9lulas solares altamente eficiente y ampliamente utilizada en sistemas de energ\u00eda solar.<\/p>\n<h4>Aqu\u00ed est\u00e1n algunas de sus principales caracter\u00edsticas:<\/h4>\n<ol>\n<li><strong>Alta eficiencia:<\/strong> Logran una conversi\u00f3n de energ\u00eda solar en electricidad superior al 20%.<\/li>\n<li><strong>Espacio eficiente:<\/strong> Generan m\u00e1s electricidad por unidad de \u00e1rea, ideales para espacios limitados.<\/li>\n<li><strong>Durabilidad:<\/strong> Tienen una larga vida \u00fatil, a menudo m\u00e1s de 25 a\u00f1os, y resisten condiciones clim\u00e1ticas adversas.<\/li>\n<li><strong>Est\u00e9tica:<\/strong> Su dise\u00f1o monocristalino ofrece un aspecto uniforme y atractivo, adecuado para instalaciones en techos residenciales y comerciales.<\/li>\n<li><strong>Eficiencia en condiciones de baja luz:<\/strong> Funcionan bien en condiciones de poca luz solar, adecuadas para regiones con climas variables.<\/li>\n<li><strong>Rendimiento en temperaturas elevadas:<\/strong> Mantenga su eficiencia en climas c\u00e1lidos.<\/li>\n<li><strong>Espacio de instalaci\u00f3n:<\/strong> Requieren menos espacio en comparaci\u00f3n con otras tecnolog\u00edas para generar la misma cantidad de energ\u00eda.<\/li>\n<li><strong>Garant\u00edas est\u00e1ndar:<\/strong> Los fabricantes suelen respaldarlos con garant\u00edas de producto de 25 a\u00f1os, demostrando durabilidad y rendimiento a largo plazo.<\/li>\n<li><strong>Costo inicial:<\/strong> Aunque su costo inicial es mayor, se compensa con eficiencia y durabilidad a lo largo del tiempo.<\/li>\n<\/ol>\n<h4><strong>Recuerda que tambi\u00e9n contamos con el servicio de venta de equipos a nivel nacional:<\/strong><\/h4>\n<p>Venta <a href=\"https:\/\/upscomunicaciones.com\/categoria-producto\/ups-online\/ups-vme-ups-online\/\">UPS<\/a> tipo torre, venta UPS interactiva, venta de UPS tipo rack, venta UPS Smart APC, venta UPS modular, venta UPS escalable, venta UPS online, UPS paralelo, UPS hibrida, UPS solar, Inversor Solar, UPS en serie, UPS contingencia, bater\u00edas secas, tarjetas de control <a href=\"https:\/\/es.wikipedia.org\/wiki\/Protocolo_simple_de_administraci%C3%B3n_de_red\">SNMP<\/a>, inversores y \u00a0paneles solares.<\/p>\n","protected":false},"excerpt":{"rendered":"<p>Las c\u00e9lulas monocristalinas destacan por estar fabricadas con silicio de muy alta pureza. Por esta raz\u00f3n, este tipo de celdas de color negro son las m\u00e1s eficientes, tambi\u00e9n en t\u00e9rminos de espacio, lo que se traduce en la pr\u00e1ctica en instalaciones m\u00e1s peque\u00f1as. Se distinguen por su color oscuro y sus bordes redondeados.<\/p>\n<p>Con el mayor nivel de eficiencia del mercado, que puede alcanzar el 20%, las c\u00e9lulas monocristalinas son las m\u00e1s adecuadas para su instalaci\u00f3n en zonas donde la exposici\u00f3n a la luz solar no es muy alta por su alto rendimiento en estas condiciones.<\/p>\n","protected":false},"featured_media":1488,"template":"","meta":[],"product_brand":[],"product_cat":[126,198],"product_tag":[],"class_list":{"0":"post-1486","1":"product","2":"type-product","3":"status-publish","4":"has-post-thumbnail","6":"product_cat-energia-solar","7":"product_cat-paneles-solares","9":"first","10":"instock","11":"shipping-taxable","12":"product-type-simple"},"aioseo_notices":[],"_links":{"self":[{"href":"https:\/\/marketingads.co\/ups\/wp-json\/wp\/v2\/product\/1486","targetHints":{"allow":["GET"]}}],"collection":[{"href":"https:\/\/marketingads.co\/ups\/wp-json\/wp\/v2\/product"}],"about":[{"href":"https:\/\/marketingads.co\/ups\/wp-json\/wp\/v2\/types\/product"}],"wp:featuredmedia":[{"embeddable":true,"href":"https:\/\/marketingads.co\/ups\/wp-json\/wp\/v2\/media\/1488"}],"wp:attachment":[{"href":"https:\/\/marketingads.co\/ups\/wp-json\/wp\/v2\/media?parent=1486"}],"wp:term":[{"taxonomy":"product_brand","embeddable":true,"href":"https:\/\/marketingads.co\/ups\/wp-json\/wp\/v2\/product_brand?post=1486"},{"taxonomy":"product_cat","embeddable":true,"href":"https:\/\/marketingads.co\/ups\/wp-json\/wp\/v2\/product_cat?post=1486"},{"taxonomy":"product_tag","embeddable":true,"href":"https:\/\/marketingads.co\/ups\/wp-json\/wp\/v2\/product_tag?post=1486"}],"curies":[{"name":"wp","href":"https:\/\/api.w.org\/{rel}","templated":true}]}}