{"id":707,"date":"2025-07-04T15:05:26","date_gmt":"2025-07-04T20:05:26","guid":{"rendered":"https:\/\/marketingads.com.co\/ups\/?post_type=product&#038;p=707"},"modified":"2025-12-26T17:26:47","modified_gmt":"2025-12-26T17:26:47","slug":"ups-cdp-3kva-3kw-online-rack-upo11-3rtax","status":"publish","type":"product","link":"https:\/\/marketingads.co\/ups\/producto\/ups-cdp-3kva-3kw-online-rack-upo11-3rtax\/","title":{"rendered":"UPS CDP 3KVA-3KW ONLINE RACK UPO11-3RTAX"},"content":{"rendered":"<p>La UPS CDP 3KVA-3KW ONLINE RACK UPO11-3RTAX, disponible en configuraci\u00f3n R\/T, est\u00e1 dise\u00f1ado para adaptarse a racks de 19 pulgadas o montaje en piso. Este sistema integra bater\u00edas de alto rendimiento sin necesidad de mantenimiento y ofrece un amplio rango de voltaje de entrada de 55Vca a 150Vca con una precisi\u00f3n del \u00b13%. Su voltaje de salida es seleccionable entre 100-110-115-120-125Vca, asegurando una salida precisa y estable.<\/p>\n<p>Cuenta con diagn\u00f3sticos autom\u00e1ticos y pantallas LCD avanzadas, lo que proporciona informaci\u00f3n operativa detallada. Adem\u00e1s, permiten una comunicaci\u00f3n efectiva para el monitoreo y control remoto. Por otro lado, el transformador de alta frecuencia de \u00faltima generaci\u00f3n garantiza una reproducci\u00f3n perfecta de la corriente alterna. Esto se logra eliminando picos, sobretensiones, ruido de l\u00ednea y fluctuaciones de voltaje.<\/p>\n<p>Su dise\u00f1o compacto y confiable va respaldado por certificaciones de agencias reguladoras internacionales de renombre como NOM, ISO9001-2015, ISO14001, RETIE, T\u00dcV y UL, ofreciendo tranquilidad y fiabilidad en su funcionamiento.<\/p>\n<h4>Aplicaciones en Diversos Sectores, Esta potente soluci\u00f3n encuentra su lugar en diversas industrias y negocios, como:<\/h4>\n<ul>\n<li>\ud83d\udcde <strong>Call Centers:<\/strong> Mant\u00e9n las comunicaciones ininterrumpidas y los datos protegidos durante cortes de energ\u00eda.<\/li>\n<li>\ud83d\udda5\ufe0f <strong>Servidores:<\/strong> Protege tus servidores y equipos de red para evitar p\u00e9rdidas de datos y tiempos de inactividad.<\/li>\n<li>\ud83c\udfe5 <strong>Sector M\u00e9dico:<\/strong> Asegura el funcionamiento continuo de equipos m\u00e9dicos y odontol\u00f3gicos cr\u00edticos para la atenci\u00f3n de pacientes.<\/li>\n<li>\ud83c\udfed <strong>Industria:<\/strong> Protege tus equipos industriales sensibles y evita da\u00f1os costosos debido a interrupciones de energ\u00eda.<\/li>\n<li>\ud83d\udc65 <strong>Empresas Medianas y Peque\u00f1as:<\/strong> Brinda tranquilidad a tu negocio sin importar su tama\u00f1o, asegurando la continuidad de operaciones esenciales.<\/li>\n<\/ul>\n<h4><strong>Recuerda que tambi\u00e9n contamos con el servicio de venta de equipos a nivel nacional:<\/strong><\/h4>\n<p>Venta <a href=\"https:\/\/upscomunicaciones.com\/categoria-producto\/ups-online\/?swcfpc=1\">UPS<\/a> tipo torre, venta UPS interactiva, venta de UPS tipo rack, venta UPS Smart APC, venta UPS modular, venta UPS escalable, venta UPS online, UPS paralelo, UPS hibrida, UPS solar, Inversor Solar, UPS en serie, UPS contingencia, bater\u00edas secas, tarjetas de control SNMP, inversores y <a href=\"https:\/\/es.wikipedia.org\/wiki\/Panel_solar\">paneles solares<\/a>.<\/p>\n","protected":false},"excerpt":{"rendered":"<p>Experimenta el poder vers\u00e1til de la UPS CDP 3KVA-3KW ONLINE RACK UPO11-3RTAX : adaptable a racks de 19 pulgadas o montaje en piso. Con bater\u00edas de alto rendimiento, un amplio rango de voltaje y salida precisa, este sistema vanguardista ofrece monitoreo remoto y una corriente alterna impecable. Certificado por agencias reconocidas, garantiza tranquilidad y confiabilidad.<\/p>\n","protected":false},"featured_media":754,"template":"","meta":[],"product_brand":[133],"product_cat":[121,155],"product_tag":[134],"class_list":{"0":"post-707","1":"product","2":"type-product","3":"status-publish","4":"has-post-thumbnail","6":"product_brand-cdp","7":"product_cat-ups-online","8":"product_cat-ups-cdp-ups-online","9":"product_tag-cdp","11":"first","12":"instock","13":"shipping-taxable","14":"product-type-simple"},"aioseo_notices":[],"_links":{"self":[{"href":"https:\/\/marketingads.co\/ups\/wp-json\/wp\/v2\/product\/707","targetHints":{"allow":["GET"]}}],"collection":[{"href":"https:\/\/marketingads.co\/ups\/wp-json\/wp\/v2\/product"}],"about":[{"href":"https:\/\/marketingads.co\/ups\/wp-json\/wp\/v2\/types\/product"}],"wp:featuredmedia":[{"embeddable":true,"href":"https:\/\/marketingads.co\/ups\/wp-json\/wp\/v2\/media\/754"}],"wp:attachment":[{"href":"https:\/\/marketingads.co\/ups\/wp-json\/wp\/v2\/media?parent=707"}],"wp:term":[{"taxonomy":"product_brand","embeddable":true,"href":"https:\/\/marketingads.co\/ups\/wp-json\/wp\/v2\/product_brand?post=707"},{"taxonomy":"product_cat","embeddable":true,"href":"https:\/\/marketingads.co\/ups\/wp-json\/wp\/v2\/product_cat?post=707"},{"taxonomy":"product_tag","embeddable":true,"href":"https:\/\/marketingads.co\/ups\/wp-json\/wp\/v2\/product_tag?post=707"}],"curies":[{"name":"wp","href":"https:\/\/api.w.org\/{rel}","templated":true}]}}