{"id":724,"date":"2025-07-04T15:05:46","date_gmt":"2025-07-04T20:05:46","guid":{"rendered":"https:\/\/marketingads.com.co\/ups\/?post_type=product&#038;p=724"},"modified":"2025-12-18T19:33:21","modified_gmt":"2025-12-18T19:33:21","slug":"ups-cdp-modular-20kva-800kva-upoxr33-hm20","status":"publish","type":"product","link":"https:\/\/marketingads.co\/ups\/producto\/ups-cdp-modular-20kva-800kva-upoxr33-hm20\/","title":{"rendered":"UPS CDP MODULAR 20KVA-800KVA UPOXR33-HM20"},"content":{"rendered":"<p>UPS CDP MODULAR 20KVA-800KVA UPOXR33-HM20 trif\u00edsico modular y escalable de alto rendimiento de Chicago Digital Power para centros de datos. Un solo m\u00f3dulo de energ\u00eda intercambiable en caliente en 20kVA a 208 y 40kVA 400V se aloja en este gabinete de 20 m\u00f3dulos que incluye ranuras para el reemplazo r\u00e1pido de los m\u00f3dulos de energ\u00eda en caso de un evento o para mantenimiento.<br \/>\nLos UPOXR33-HM20 incluyen, adem\u00e1s, los rieles de CC para bater\u00eda y rieles de CA trif\u00e1sicos. Estos cuentan con un interruptor EPO y una pantalla LCD activa. Esto garantiza seguridad y facilita la comunicaci\u00f3n, as\u00ed como el control remoto de toda la soluci\u00f3n.<\/p>\n<h4>Aplicaciones en Diversos Sectores, Esta potente soluci\u00f3n encuentra su lugar en diversas industrias y negocios, como:<\/h4>\n<ul>\n<li>\ud83d\udcde <strong>Call Centers:<\/strong> Mant\u00e9n las comunicaciones ininterrumpidas y los datos protegidos durante cortes de energ\u00eda.<\/li>\n<li>\ud83d\udda5\ufe0f <strong>Servidores:<\/strong> Protege tus servidores y equipos de red para evitar p\u00e9rdidas de datos y tiempos de inactividad.<\/li>\n<li>\ud83c\udfe5 <strong>Sector M\u00e9dico:<\/strong> Asegura el funcionamiento continuo de equipos m\u00e9dicos y odontol\u00f3gicos cr\u00edticos para la atenci\u00f3n de pacientes.<\/li>\n<li>\ud83c\udfed <strong>Industria:<\/strong> Protege tus equipos industriales sensibles y evita da\u00f1os costosos debido a interrupciones de energ\u00eda.<\/li>\n<li>\ud83d\udc65 <strong>Empresas Medianas y Peque\u00f1as:<\/strong> Brinda tranquilidad a tu negocio sin importar su tama\u00f1o, asegurando la continuidad de operaciones esenciales.<\/li>\n<\/ul>\n<h4><strong>Recuerda que tambi\u00e9n contamos con el servicio de venta de equipos a nivel nacional:<\/strong><\/h4>\n<p>Venta <a href=\"https:\/\/upscomunicaciones.com\/categoria-producto\/ups-online\/\">UPS<\/a> tipo torre, venta UPS interactiva, venta de UPS tipo rack, venta UPS Smart APC, venta UPS modular, venta UPS escalable, venta UPS online, UPS paralelo, UPS hibrida, UPS solar, Inversor Solar, UPS en serie, UPS contingencia, bater\u00edas secas, tarjetas de control SNMP, inversores y <a href=\"https:\/\/es.wikipedia.org\/wiki\/Panel_solar\">paneles solares<\/a>.<\/p>\n","protected":false},"excerpt":{"rendered":"<p>UPS CDP MODULAR 20KVA-800KVA UPOXR33-HM20 Escalable y potente para centros de datos. Intercambia m\u00f3dulos en caliente para un rendimiento ininterrumpido y r\u00e1pido reemplazo.<\/p>\n","protected":false},"featured_media":801,"template":"","meta":[],"product_brand":[133],"product_cat":[121,155],"product_tag":[134],"class_list":{"0":"post-724","1":"product","2":"type-product","3":"status-publish","4":"has-post-thumbnail","6":"product_brand-cdp","7":"product_cat-ups-online","8":"product_cat-ups-cdp-ups-online","9":"product_tag-cdp","11":"first","12":"instock","13":"shipping-taxable","14":"product-type-simple"},"aioseo_notices":[],"_links":{"self":[{"href":"https:\/\/marketingads.co\/ups\/wp-json\/wp\/v2\/product\/724","targetHints":{"allow":["GET"]}}],"collection":[{"href":"https:\/\/marketingads.co\/ups\/wp-json\/wp\/v2\/product"}],"about":[{"href":"https:\/\/marketingads.co\/ups\/wp-json\/wp\/v2\/types\/product"}],"wp:featuredmedia":[{"embeddable":true,"href":"https:\/\/marketingads.co\/ups\/wp-json\/wp\/v2\/media\/801"}],"wp:attachment":[{"href":"https:\/\/marketingads.co\/ups\/wp-json\/wp\/v2\/media?parent=724"}],"wp:term":[{"taxonomy":"product_brand","embeddable":true,"href":"https:\/\/marketingads.co\/ups\/wp-json\/wp\/v2\/product_brand?post=724"},{"taxonomy":"product_cat","embeddable":true,"href":"https:\/\/marketingads.co\/ups\/wp-json\/wp\/v2\/product_cat?post=724"},{"taxonomy":"product_tag","embeddable":true,"href":"https:\/\/marketingads.co\/ups\/wp-json\/wp\/v2\/product_tag?post=724"}],"curies":[{"name":"wp","href":"https:\/\/api.w.org\/{rel}","templated":true}]}}