{"id":7890,"date":"2026-01-14T20:01:47","date_gmt":"2026-01-15T01:01:47","guid":{"rendered":"https:\/\/marketingads.co\/ups\/?post_type=product&#038;p=7890"},"modified":"2026-01-14T20:05:37","modified_gmt":"2026-01-15T01:05:37","slug":"ups-powerback-2200va","status":"publish","type":"product","link":"https:\/\/marketingads.co\/ups\/producto\/ups-powerback-2200va\/","title":{"rendered":"Ups Powerback 2200VA"},"content":{"rendered":"<p>Ups Powerback 2200VA Potencia y confiabilidad! F\u00e1cil de usar y mantener, liviana y compacta. Regulador de voltaje autom\u00e1tico, protecci\u00f3n avanzada. Hasta 6 min de autonom\u00eda, indicadores LED. Sistema ABM para mayor vida \u00fatil. Toma Bypass, comunicaci\u00f3n USB y RJ45. Protecci\u00f3n completa, 6 tomas reguladas y 2 Bypass. \u00a1Listo para proteger tus dispositivos<\/p>\n<h4>Caracter\u00edsticas de la Ups Powerback 2200VA:<\/h4>\n<ol>\n<li>F\u00e1cil uso y mantenimiento. Liviana y de tama\u00f1o compacto.<\/li>\n<li>Incluye regulador de voltaje autom\u00e1tico para voltajes bajos y altos.<\/li>\n<li>Arranque en fr\u00edo modo bater\u00eda.<\/li>\n<li>Sistema avanzado de protecci\u00f3n contra sobre descargas.<\/li>\n<li>Cuenta con bater\u00edas internas que le permiten hasta 6 minutos de autonom\u00eda ante cortes de energ\u00eda.<\/li>\n<li>Indicadores de funcionamiento de la UPS con leds de colores.<\/li>\n<li>Sistema \u201cABM\u201d Administraci\u00f3n Avanzada de Bater\u00edas, para lograr su m\u00e1xima vida \u00fatil.<\/li>\n<li>Toma Bypass.<\/li>\n<li>Puerto de comunicaciones USB para monitoreo local y RJ45 para protecci\u00f3n de red LAN.<\/li>\n<li>Referencias:\u00a0 2200VA.<\/li>\n<li>2\u00a0<a href=\"https:\/\/upscomunicaciones.com\/categoria-producto\/baterias-secas\/?swcfpc=1\">baterias<\/a>\u00a012V \/ 9Ah.<\/li>\n<li>proteccion del circuito DC por meido de fusible.<\/li>\n<li>6 tomas de salida regulados.<\/li>\n<li>2 tomas de salida Bypass.<\/li>\n<li>Clavija Nema 5-15P.<\/li>\n<li>Protecci\u00f3n contra sobrecarga, descarga y drenado de bater\u00eda.<\/li>\n<\/ol>\n<h4>Aplicaciones en Diversos Sectores, Esta potente soluci\u00f3n encuentra su lugar en diversas industrias y negocios, como:<\/h4>\n<ul>\n<li>\ud83d\udcde <strong>Call Centers:<\/strong> Mant\u00e9n las comunicaciones ininterrumpidas y los datos protegidos durante cortes de energ\u00eda.<\/li>\n<li>\ud83d\udda5\ufe0f <strong>Servidores:<\/strong> Protege tus servidores y equipos de red para evitar p\u00e9rdidas de datos y tiempos de inactividad.<\/li>\n<li>\ud83c\udfe5 <strong>Sector M\u00e9dico:<\/strong> Asegura el funcionamiento continuo de equipos m\u00e9dicos y odontol\u00f3gicos cr\u00edticos para la atenci\u00f3n de pacientes.<\/li>\n<li>\ud83c\udfed <strong>Industria:<\/strong> Protege tus equipos industriales sensibles y evita da\u00f1os costosos debido a interrupciones de energ\u00eda.<\/li>\n<li>\ud83d\udc65 <strong>Empresas Medianas y Peque\u00f1as:<\/strong> Brinda tranquilidad a tu negocio sin importar su tama\u00f1o, asegurando la continuidad de operaciones esenciales.<\/li>\n<\/ul>\n<h4><strong>Recuerda que tambi\u00e9n contamos con el servicio de venta de equipos a nivel nacional:<\/strong><\/h4>\n<p>Venta <a href=\"https:\/\/upscomunicaciones.com\/categoria-producto\/ups-online\">UPS<\/a> tipo torre, venta UPS interactiva, venta de UPS tipo rack, venta UPS Smart APC, venta UPS modular, venta UPS escalable, venta UPS online, UPS paralelo, UPS hibrida, UPS solar, Inversor Solar, UPS en serie, UPS contingencia, bater\u00edas secas, tarjetas de control SNMP, inversores y <a href=\"https:\/\/es.wikipedia.org\/wiki\/Panel_solar\">paneles solares<\/a>.<\/p>\n","protected":false},"excerpt":{"rendered":"<p>F\u00e1cil uso y liviana. Regulador de voltaje autom\u00e1tico, arranque en fr\u00edo y protecci\u00f3n avanzada. Hasta 6 min de autonom\u00eda. Indicadores LED, sistema ABM y toma Bypass. Comunicaci\u00f3n USB y RJ45. 6 tomas reguladas, 2 tomas Bypass. Protecci\u00f3n completa para tus dispositivos<\/p>\n","protected":false},"featured_media":7892,"template":"","meta":[],"product_brand":[],"product_cat":[120],"product_tag":[],"class_list":{"0":"post-7890","1":"product","2":"type-product","3":"status-publish","4":"has-post-thumbnail","6":"product_cat-ups-interactiva","8":"first","9":"instock","10":"shipping-taxable","11":"product-type-simple"},"aioseo_notices":[],"_links":{"self":[{"href":"https:\/\/marketingads.co\/ups\/wp-json\/wp\/v2\/product\/7890","targetHints":{"allow":["GET"]}}],"collection":[{"href":"https:\/\/marketingads.co\/ups\/wp-json\/wp\/v2\/product"}],"about":[{"href":"https:\/\/marketingads.co\/ups\/wp-json\/wp\/v2\/types\/product"}],"wp:featuredmedia":[{"embeddable":true,"href":"https:\/\/marketingads.co\/ups\/wp-json\/wp\/v2\/media\/7892"}],"wp:attachment":[{"href":"https:\/\/marketingads.co\/ups\/wp-json\/wp\/v2\/media?parent=7890"}],"wp:term":[{"taxonomy":"product_brand","embeddable":true,"href":"https:\/\/marketingads.co\/ups\/wp-json\/wp\/v2\/product_brand?post=7890"},{"taxonomy":"product_cat","embeddable":true,"href":"https:\/\/marketingads.co\/ups\/wp-json\/wp\/v2\/product_cat?post=7890"},{"taxonomy":"product_tag","embeddable":true,"href":"https:\/\/marketingads.co\/ups\/wp-json\/wp\/v2\/product_tag?post=7890"}],"curies":[{"name":"wp","href":"https:\/\/api.w.org\/{rel}","templated":true}]}}