{"id":7955,"date":"2026-01-15T18:11:37","date_gmt":"2026-01-15T23:11:37","guid":{"rendered":"https:\/\/marketingads.co\/ups\/?post_type=product&#038;p=7955"},"modified":"2026-01-15T23:14:31","modified_gmt":"2026-01-15T23:14:31","slug":"inversor-cargador-tripp-lite-de-1250w-powerverter","status":"publish","type":"product","link":"https:\/\/marketingads.co\/ups\/producto\/inversor-cargador-tripp-lite-de-1250w-powerverter\/","title":{"rendered":"Inversor Cargador TRIPP LITE de 1250W PowerVerter"},"content":{"rendered":"<p>Inversor Cargador TRIPP LITE de 1250W PowerVerter Fuente de alimentaci\u00f3n port\u00e1til con dos tomacorrientes para las aplicaciones de energ\u00eda, como herramientas el\u00e9ctricas y computadoras, un inversor de veh\u00edculo, fuente de alimentaci\u00f3n de CA independiente o UPS con autonom\u00eda extendida. Ideal para veh\u00edculos recreativos, de flotillas y de emergencia.<\/p>\n<h4><strong>CARACTER\u00cdSTICAS Inversor Cargador TRIPP LITE de 1250W PowerVerter:<\/strong><\/h4>\n<p>Fuente de alimentaci\u00f3n port\u00e1til con dos tomacorrientes para las aplicaciones de energ\u00eda, como herramientas el\u00e9ctricas y computadoras, un inversor de veh\u00edculo, fuente de alimentaci\u00f3n de CA independiente o UPS con autonom\u00eda extendida. Ideal para veh\u00edculos recreativos, de flotillas y de emergencia.<\/p>\n<ol>\n<li>\u00a0Energ\u00eda continua de 1250W.<\/li>\n<li>1850W de energ\u00eda de reserva de hasta 1 hr.<\/li>\n<li>2500W de potencia m\u00e1xima por hasta 10 segundos para aceptar demandas m\u00e1ximas durante arranque y ciclos de encendido\/apagado del equipo.<\/li>\n<li>Detector autom\u00e1tico de sobrecarga, ventilador de enfriamiento e interruptores autom\u00e1ticos de circuito de CA que protegen la unidad contra da\u00f1os.<\/li>\n<li>Conmutaci\u00f3n de Transferencia Autom\u00e1tica.<\/li>\n<li>Transfiere los interruptores de rel\u00e9s a la energ\u00eda del inversor durante los apagones en 16.6 ms.<\/li>\n<li>El interruptor de 3 posiciones habilita los modos autom\u00e1tico, solo de carga y sistema apagado.<\/li>\n<li>Interruptores para configuraci\u00f3n que permiten configurar la transferencia autom\u00e1tica de alta y baja tensi\u00f3n.<\/li>\n<li>Sirve como cargador de bater\u00eda cuando la energ\u00eda de 120 V CA se suministra y se alimenta el equipo conectado.<\/li>\n<li>Protege la bater\u00eda de las sobrecargas y sobredescargas.<\/li>\n<li>La protecci\u00f3n de bater\u00eda baja evita agotamiento excesivo de la bater\u00eda.<\/li>\n<li>Interruptores para configuraci\u00f3n que permiten configurar los perfiles de carga h\u00fameda\/de gel.<\/li>\n<\/ol>\n<h4><strong>Recuerda que tambi\u00e9n contamos con el servicio de venta de equipos a nivel nacional:<\/strong><\/h4>\n<p>Venta UPS tipo torre, venta UPS interactiva, venta de UPS tipo rack, venta UPS Smart APC, venta UPS modular, venta UPS escalable, venta UPS online, UPS paralelo, UPS hibrida, UPS solar, Inversor Solar, UPS en serie, UPS contingencia,\u00a0<a href=\"https:\/\/es.wikipedia.org\/wiki\/Bater%C3%ADa_AGM\">bater\u00edas<\/a>\u00a0secas, tarjetas de control\u00a0<a href=\"https:\/\/upscomunicaciones.com\/categoria-producto\/ups-online\/tarjetas-snmp\/\">SNMP<\/a>, inversores y paneles solares.<\/p>\n","protected":false},"excerpt":{"rendered":"<p>El Inversor \/ Cargador de 1250W 12VCC 120V PowerVerter\u00ae APS es una fuente de energ\u00eda confiable para una amplia variedad de equipo que va desde herramientas el\u00e9ctricas y bombas hasta alumbrado port\u00e1til y equipo de c\u00f3mputo en condiciones de cargas severas. Sin humos, combustible o ruido excesivo, es una alternativa excelente a la energ\u00eda de generador.<\/p>\n","protected":false},"featured_media":7956,"template":"","meta":[],"product_brand":[167],"product_cat":[207,123],"product_tag":[181,169],"class_list":{"0":"post-7955","1":"product","2":"type-product","3":"status-publish","4":"has-post-thumbnail","6":"product_brand-tripp-lite","7":"product_cat-inversor-tripp-lite","8":"product_cat-inversores-ac-dc","9":"product_tag-inversores-ac-dc","10":"product_tag-tripp-lite","12":"first","13":"instock","14":"shipping-taxable","15":"product-type-simple"},"aioseo_notices":[],"_links":{"self":[{"href":"https:\/\/marketingads.co\/ups\/wp-json\/wp\/v2\/product\/7955","targetHints":{"allow":["GET"]}}],"collection":[{"href":"https:\/\/marketingads.co\/ups\/wp-json\/wp\/v2\/product"}],"about":[{"href":"https:\/\/marketingads.co\/ups\/wp-json\/wp\/v2\/types\/product"}],"wp:featuredmedia":[{"embeddable":true,"href":"https:\/\/marketingads.co\/ups\/wp-json\/wp\/v2\/media\/7956"}],"wp:attachment":[{"href":"https:\/\/marketingads.co\/ups\/wp-json\/wp\/v2\/media?parent=7955"}],"wp:term":[{"taxonomy":"product_brand","embeddable":true,"href":"https:\/\/marketingads.co\/ups\/wp-json\/wp\/v2\/product_brand?post=7955"},{"taxonomy":"product_cat","embeddable":true,"href":"https:\/\/marketingads.co\/ups\/wp-json\/wp\/v2\/product_cat?post=7955"},{"taxonomy":"product_tag","embeddable":true,"href":"https:\/\/marketingads.co\/ups\/wp-json\/wp\/v2\/product_tag?post=7955"}],"curies":[{"name":"wp","href":"https:\/\/api.w.org\/{rel}","templated":true}]}}