{"id":7958,"date":"2026-01-15T18:15:31","date_gmt":"2026-01-15T23:15:31","guid":{"rendered":"https:\/\/marketingads.co\/ups\/?post_type=product&#038;p=7958"},"modified":"2026-01-15T23:18:38","modified_gmt":"2026-01-15T23:18:38","slug":"inversor-cargador-tripp-lite-de-2000w-powerverter-aps","status":"publish","type":"product","link":"https:\/\/marketingads.co\/ups\/producto\/inversor-cargador-tripp-lite-de-2000w-powerverter-aps\/","title":{"rendered":"Inversor cargador TRIPP LITE de 2000W PowerVerter APS"},"content":{"rendered":"<p>El Inversor cargador TRIPP LITE de 2000W PowerVerter APS\u00a0 Fuente de alimentaci\u00f3n port\u00e1til de 2000W para las aplicaciones con energ\u00eda, como herramientas el\u00e9ctricas y computadoras, un inversor de veh\u00edculo, fuente de alimentaci\u00f3n de CA independiente o UPS con autonom\u00eda extendida. Ideal para veh\u00edculos recreativos, de flotillas y de emergencia.<\/p>\n<h4>CARACTER\u00cdSTICAS Inversor cargador TRIPP LITE de 2000W PowerVerter APS:<\/h4>\n<p>Fuente de alimentaci\u00f3n port\u00e1til de 2000W para las aplicaciones con energ\u00eda, como herramientas el\u00e9ctricas y computadoras, un inversor de veh\u00edculo, fuente de alimentaci\u00f3n de CA independiente o UPS con autonom\u00eda extendida. Ideal para veh\u00edculos recreativos, de flotillas y de emergencia.<\/p>\n<ol>\n<li>Entrega energ\u00eda limpia de 120V CA desde una fuente de energ\u00eda de CA o CD.<\/li>\n<li>Potencia de salida de 2000W continuos; potencia m\u00e1xima de 4000W.<\/li>\n<li>Opci\u00f3n de conmutaci\u00f3n de transferencia autom\u00e1tica para operaci\u00f3n de UPS.<\/li>\n<li>Protege contra apagones, sobretensiones y ruido en la l\u00ednea por EMI\/RFI.<\/li>\n<li>El robusto gabinete de policarbonato resiste humedad e impactos.<\/li>\n<li>El puerto de comunicaci\u00f3n RJ45 permite la conexi\u00f3n de un m\u00f3dulo de control remoto opcional, como APSRM4 de Tripp Lite.<\/li>\n<li>Resiste la humedad, las vibraciones y los impactos.<\/li>\n<li>Patas de instalaci\u00f3n integradas para la instalaci\u00f3n en cualquier superficie horizontal r\u00edgida.<\/li>\n<li>Una terminal de conexi\u00f3n a tierra interna conecta correctamente la unidad a tierra o al sistema de descarga a tierra del veh\u00edculo.<\/li>\n<li>Indican el nivel de carga, nivel de carga de la bater\u00eda, estado de apagado y estado de falla del sistema.<\/li>\n<li>La protecci\u00f3n de bater\u00eda baja evita agotamiento excesivo de la bater\u00eda.<\/li>\n<\/ol>\n<h4><strong>Recuerda que tambi\u00e9n contamos con el servicio de venta de equipos a nivel nacional:<\/strong><\/h4>\n<p>Venta UPS tipo torre, venta UPS interactiva, venta de UPS tipo rack, venta UPS Smart APC, venta UPS modular, venta UPS escalable, venta UPS online, UPS paralelo, UPS hibrida, UPS solar, Inversor Solar, UPS en serie, UPS contingencia,\u00a0<a href=\"https:\/\/es.wikipedia.org\/wiki\/Bater%C3%ADa_AGM\">bater\u00edas<\/a>\u00a0secas, tarjetas de control\u00a0<a href=\"https:\/\/upscomunicaciones.com\/categoria-producto\/ups-online\/tarjetas-snmp\/\">SNMP<\/a>, inversores y paneles solares.<\/p>\n","protected":false},"excerpt":{"rendered":"<p>El Inversor \/ Cargador APS2012 de 2000W 12VCD 120V CA es una fuente potente y vers\u00e1til para equipos diversos. Puede funcionar como inversor vehicular, fuente de CA o UPS extendido. Ofrece 2000W continuos y protecciones integradas. Adecuado para veh\u00edculos y situaciones de emergencia, convierte energ\u00eda de bater\u00edas en CA estable.<\/p>\n","protected":false},"featured_media":7959,"template":"","meta":[],"product_brand":[167],"product_cat":[207,123],"product_tag":[181,169],"class_list":{"0":"post-7958","1":"product","2":"type-product","3":"status-publish","4":"has-post-thumbnail","6":"product_brand-tripp-lite","7":"product_cat-inversor-tripp-lite","8":"product_cat-inversores-ac-dc","9":"product_tag-inversores-ac-dc","10":"product_tag-tripp-lite","12":"first","13":"instock","14":"shipping-taxable","15":"product-type-simple"},"aioseo_notices":[],"_links":{"self":[{"href":"https:\/\/marketingads.co\/ups\/wp-json\/wp\/v2\/product\/7958","targetHints":{"allow":["GET"]}}],"collection":[{"href":"https:\/\/marketingads.co\/ups\/wp-json\/wp\/v2\/product"}],"about":[{"href":"https:\/\/marketingads.co\/ups\/wp-json\/wp\/v2\/types\/product"}],"wp:featuredmedia":[{"embeddable":true,"href":"https:\/\/marketingads.co\/ups\/wp-json\/wp\/v2\/media\/7959"}],"wp:attachment":[{"href":"https:\/\/marketingads.co\/ups\/wp-json\/wp\/v2\/media?parent=7958"}],"wp:term":[{"taxonomy":"product_brand","embeddable":true,"href":"https:\/\/marketingads.co\/ups\/wp-json\/wp\/v2\/product_brand?post=7958"},{"taxonomy":"product_cat","embeddable":true,"href":"https:\/\/marketingads.co\/ups\/wp-json\/wp\/v2\/product_cat?post=7958"},{"taxonomy":"product_tag","embeddable":true,"href":"https:\/\/marketingads.co\/ups\/wp-json\/wp\/v2\/product_tag?post=7958"}],"curies":[{"name":"wp","href":"https:\/\/api.w.org\/{rel}","templated":true}]}}