{"id":930,"date":"2025-07-04T15:57:41","date_gmt":"2025-07-04T20:57:41","guid":{"rendered":"https:\/\/marketingads.com.co\/ups\/?post_type=product&#038;p=930"},"modified":"2025-12-26T22:30:43","modified_gmt":"2025-12-26T22:30:43","slug":"tarjeta-tripp-lite-para-administracion-de-red-snmp","status":"publish","type":"product","link":"https:\/\/marketingads.co\/ups\/producto\/tarjeta-tripp-lite-para-administracion-de-red-snmp\/","title":{"rendered":"Tarjeta TRIPP LITE para Administraci\u00f3n de Red (SNMP)"},"content":{"rendered":"<p>Tarjeta TRIPP LITE para Administraci\u00f3n de Red (SNMP) tiene la funcion funci\u00f3n de administraci\u00f3n remota de esta soluci\u00f3n es amplia y vers\u00e1til, permitiendo acceder mediante SNMP, Web, SSH o Telnet. Adem\u00e1s, ofrece alertas personalizables a trav\u00e9s de SNMP o correo electr\u00f3nico, facilita el reinicio de equipos sin respuesta sin requerir una visita f\u00edsica, y posibilita la configuraci\u00f3n y actualizaci\u00f3n de m\u00faltiples unidades en masa. Con una interfaz basada en HTML5, evita la necesidad de Java. Adem\u00e1s, cuenta con una garant\u00eda limitada de 2 a\u00f1os para una tranquilidad a\u00f1adida.<\/p>\n<h4>Caracteristicas principales Tarjeta TRIPP LITE para Administraci\u00f3n de Red (SNMP):<\/h4>\n<ol>\n<li>Permite la administraci\u00f3n remota mediante SNMP, Web, SSH o Telnet.<\/li>\n<li>Env\u00eda alertas configurables por el usuario a trav\u00e9s de SNMP o correo electr\u00f3nico.<\/li>\n<li>Reinicia equipo que no responda sin necesidad de una visita al sitio.<\/li>\n<li>Permite configuraci\u00f3n y actualizaci\u00f3n de m\u00faltiples unidades en masa.<\/li>\n<li>Interfaz basada en HTML5\u2014sin necesidad de Java.<\/li>\n<\/ol>\n<h4>Aplicaciones en Diversos Sectores, Esta potente soluci\u00f3n encuentra su lugar en diversas industrias y negocios, como:<\/h4>\n<ul>\n<li>\ud83d\udcde <strong>Call Centers:<\/strong> Mant\u00e9n las comunicaciones ininterrumpidas y los datos protegidos durante cortes de energ\u00eda.<\/li>\n<li>\ud83d\udda5\ufe0f <strong>Servidores:<\/strong> Protege tus servidores y equipos de red para evitar p\u00e9rdidas de datos y tiempos de inactividad.<\/li>\n<li>\ud83c\udfe5 <strong>Sector M\u00e9dico:<\/strong> Asegura el funcionamiento continuo de equipos m\u00e9dicos y odontol\u00f3gicos cr\u00edticos para la atenci\u00f3n de pacientes.<\/li>\n<li>\ud83c\udfed <strong>Industria:<\/strong> Protege tus equipos industriales sensibles y evita da\u00f1os costosos debido a interrupciones de energ\u00eda.<\/li>\n<li>\ud83d\udc65 <strong>Empresas Medianas y Peque\u00f1as:<\/strong> Brinda tranquilidad a tu negocio sin importar su tama\u00f1o, asegurando la continuidad de operaciones esenciales.<\/li>\n<\/ul>\n<h4><strong>Recuerda que tambi\u00e9n contamos con el servicio de venta de equipos a nivel nacional:<\/strong><\/h4>\n<p>Venta UPS tipo torre, venta UPS interactiva, venta de UPS tipo rack, venta UPS Smart APC, venta UPS modular, venta UPS escalable, venta UPS online, UPS paralelo, UPS hibrida, UPS solar, Inversor Solar, UPS en serie, UPS contingencia, <a href=\"https:\/\/es.wikipedia.org\/wiki\/Bater%C3%ADa_AGM\">bater\u00edas<\/a> secas, tarjetas de control <a href=\"https:\/\/upscomunicaciones.com\/categoria-producto\/ups-online\/tarjetas-snmp\/\">SNMP<\/a>, inversores y paneles solares.<\/p>\n","protected":false},"excerpt":{"rendered":"<p>Cuenta con la capacidad de reiniciar equipos no responsivos sin requerir una visita f\u00edsica al sitio y permite configurar y actualizar m\u00faltiples unidades de manera simult\u00e1nea.<\/p>\n","protected":false},"featured_media":944,"template":"","meta":[],"product_brand":[167],"product_cat":[141,121],"product_tag":[169],"class_list":{"0":"post-930","1":"product","2":"type-product","3":"status-publish","4":"has-post-thumbnail","6":"product_brand-tripp-lite","7":"product_cat-tarjetas-snmp","8":"product_cat-ups-online","9":"product_tag-tripp-lite","11":"first","12":"instock","13":"shipping-taxable","14":"product-type-simple"},"aioseo_notices":[],"_links":{"self":[{"href":"https:\/\/marketingads.co\/ups\/wp-json\/wp\/v2\/product\/930","targetHints":{"allow":["GET"]}}],"collection":[{"href":"https:\/\/marketingads.co\/ups\/wp-json\/wp\/v2\/product"}],"about":[{"href":"https:\/\/marketingads.co\/ups\/wp-json\/wp\/v2\/types\/product"}],"wp:featuredmedia":[{"embeddable":true,"href":"https:\/\/marketingads.co\/ups\/wp-json\/wp\/v2\/media\/944"}],"wp:attachment":[{"href":"https:\/\/marketingads.co\/ups\/wp-json\/wp\/v2\/media?parent=930"}],"wp:term":[{"taxonomy":"product_brand","embeddable":true,"href":"https:\/\/marketingads.co\/ups\/wp-json\/wp\/v2\/product_brand?post=930"},{"taxonomy":"product_cat","embeddable":true,"href":"https:\/\/marketingads.co\/ups\/wp-json\/wp\/v2\/product_cat?post=930"},{"taxonomy":"product_tag","embeddable":true,"href":"https:\/\/marketingads.co\/ups\/wp-json\/wp\/v2\/product_tag?post=930"}],"curies":[{"name":"wp","href":"https:\/\/api.w.org\/{rel}","templated":true}]}}